 19074 and 462.
66
What is the highest common divisor of 39 and 39?
39
Calculate the highest common divisor of 282 and 2679.
141
Calculate the greatest common divisor of 1833 and 282.
141
What is the highest common divisor of 96 and 14592?
96
Calculate the greatest common factor of 1480 and 111.
37
Calculate the greatest common divisor of 45 and 177.
3
What is the highest common divisor of 238 and 84?
14
What is the highest common divisor of 1098 and 18?
18
Calculate the greatest common divisor of 50 and 950.
50
Calculate the greatest common factor of 2356 and 3844.
124
What is the highest common divisor of 2660 and 56?
28
What is the highest common factor of 416 and 52?
52
What is the greatest common divisor of 7220 and 130?
10
Calculate the greatest common divisor of 242 and 110.
22
What is the greatest common divisor of 16 and 1912?
8
What is the greatest common divisor of 247 and 57?
19
Calculate the highest common divisor of 29 and 377.
29
Calculate the greatest common divisor of 580 and 116.
116
Calculate the greatest common divisor of 2712 and 24.
24
Calculate the greatest common divisor of 107 and 1.
1
What is the greatest common divisor of 299 and 39?
13
What is the greatest common divisor of 51 and 221?
17
Calculate the greatest common factor of 11 and 1.
1
Calculate the highest common factor of 44 and 568.
4
What is the greatest common divisor of 36 and 6282?
18
Calculate the greatest common divisor of 170 and 306.
34
What is the greatest common divisor of 2059 and 284?
71
Calculate the greatest common factor of 269 and 17.
1
What is the highest common divisor of 2673 and 176?
11
Calculate the greatest common factor of 464 and 32.
16
Calculate the highest common divisor of 1008 and 96.
48
What is the greatest common divisor of 48 and 2742?
6
What is the highest common factor of 40 and 384?
8
Calculate the highest common factor of 516 and 12.
12
What is the highest common divisor of 16044 and 42?
42
Calculate the greatest common factor of 322 and 112.
14
What is the highest common divisor of 232 and 1972?
116
Calculate the greatest common factor of 1704 and 24.
24
What is the greatest common factor of 48 and 368?
16
Calculate the greatest common divisor of 45089 and 11.
11
What is the greatest common factor of 646 and 38?
38
Calculate the highest common divisor of 6426 and 2268.
378
What is the greatest common factor of 3741 and 696?
87
Calculate the highest common divisor of 125 and 1425.
25
Calculate the highest common factor of 26 and 208.
26
Calculate the highest common divisor of 3 and 306.
3
What is the highest common factor of 70 and 126?
14
What is the greatest common divisor of 6846 and 42?
42
Calculate the greatest common divisor of 666 and 36.
18
Calculate the greatest common divisor of 10335 and 78.
39
Calculate the highest common factor of 6 and 48.
6
What is the greatest common factor of 120 and 80?
40
What is the highest common factor of 24 and 1272?
24
What is the greatest common factor of 132 and 300?
12
Calculate the highest common divisor of 91 and 1.
1
What is the greatest common factor of 1045 and 475?
95
Calculate the greatest common divisor of 43 and 946.
43
What is the highest common factor of 1702 and 1480?
74
Calculate the highest common factor of 1 and 6407.
1
What is the highest common divisor of 4 and 2514?
2
What is the greatest common divisor of 62676 and 18?
18
What is the greatest common divisor of 320 and 384?
64
Calculate the greatest common divisor of 2048 and 64.
64
What is the highest common factor of 6 and 294?
6
What is the highest common divisor of 414 and 5589?
207
What is the greatest common factor of 984 and 20?
4
Calculate the greatest common factor of 16011 and 135.
27
Calculate the highest common factor of 152 and 228.
76
Calculate the greatest common factor of 255 and 2640.
15
What is the highest common factor of 5624 and 760?
152
Calculate the greatest common divisor of 460 and 1180.
20
Calculate the greatest common factor of 5 and 7110.
5
Calculate the highest common factor of 20159 and 19.
19
What is the highest common divisor of 9731 and 37?
37
What is the highest common divisor of 52 and 21775?
13
What is the greatest common factor of 62 and 6262?
62
Calculate the highest common factor of 14 and 1792.
14
What is the greatest common factor of 11929 and 151?
151
Calculate the highest common factor of 2294 and 222.
74
What is the highest common divisor of 9 and 9?
9
What is the highest common divisor of 50 and 1550?
50
Calculate the greatest common factor of 100 and 225.
25
Calculate the highest common factor of 4521 and 33.
33
What is the highest common divisor of 5 and 1355?
5
Calculate the greatest common divisor of 78 and 39.
39
What is the highest common divisor of 448 and 11776?
64
Calculate the greatest common divisor of 612 and 4692.
204
Calculate the greatest common factor of 2259 and 9.
9
Calculate the highest common divisor of 477 and 106.
53
Calculate the greatest common divisor of 3 and 75.
3
What is the greatest common divisor of 1736 and 28?
28
Calculate the greatest common factor of 26112 and 204.
204
What is the highest common divisor of 243 and 27?
27
Calculate the greatest common divisor of 1848 and 1176.
168
What is the highest common factor of 354 and 944?
118
What is the highest common divisor of 112 and 16?
16
What is the greatest common divisor of 4992 and 12?
12
Calculate the greatest common divisor of 37 and 8621.
37
What is the greatest common factor of 18 and 78?
6
What is the highest common factor of 525 and 385?
35
Calculate the greatest common divisor of 32270 and 70.
70
What is the greatest common divisor of 73032 and 34?
34
What is the highest common factor of 24 and 296?
8
What is the highest common factor of 481 and 26?
13
What is the greatest common factor of 8 and 824?
8
Calculate the greatest common factor of 18 and 1674.
18
Calculate the highest common factor of 7074 and 1310.
262
What is the highest common divisor of 3 and 768?
3
What is the greatest common factor of 610 and 10?
10
What is the greatest common factor of 315 and 42?
21
Calculate the greatest common divisor of 119 and 665.
7
What is the greatest common divisor of 56 and 154?
14
Calculate the greatest common divisor of 3345 and 45.
15
Calculate the highest common divisor of 9 and 6.
3
Calculate the highest common divisor of 9 and 1521.
9
Calculate the highest common divisor of 1056 and 99.
33
Calculate the highest common factor of 37 and 37.
37
What is the highest common divisor of 2571 and 27?
3
Calculate the highest common divisor of 456 and 1387.
19
What is the greatest common divisor of 46 and 230?
46
Calculate the highest common factor of 2116 and 828.
92
Calculate the highest common divisor of 54 and 2376.
54
What is the highest common divisor of 294 and 1323?
147
Calculate the highest common divisor of 435 and 285.
15
Calculate the greatest common divisor of 780 and 40.
20
Calculate the greatest common factor of 705 and 15.
15
What is the greatest common factor of 62 and 8587?
31
Calculate the highest common factor of 64 and 58.
2
Calculate the greatest common divisor of 20 and 200.
20
Calculate the greatest common divisor of 6 and 582.
6
What is the greatest common divisor of 1 and 7?
1
Calculate the greatest common divisor of 184 and 16.
8
Calculate the greatest common factor of 239 and 12428.
239
What is the highest common factor of 456 and 55024?
152
What is the greatest common divisor of 198 and 110?
22
Calculate the greatest common factor of 153 and 909.
9
What is the greatest common divisor of 186 and 651?
93
What is the highest common divisor of 60 and 4080?
60
Calculate the greatest common factor of 65854 and 76.
38
What is the highest common divisor of 425 and 4420?
85
What is the highest common factor of 32 and 13408?
32
What is the greatest common divisor of 40 and 1460?
20
What is the greatest common factor of 36 and 23076?
36
Calculate the highest common divisor of 63 and 117.
9
What is the highest common divisor of 21 and 1036?
7
Calculate the highest common divisor of 68 and 16.
4
What is the highest common factor of 1096 and 12?
4
What is the greatest common factor of 32 and 5408?
32
What is the greatest common divisor of 36 and 4149?
9
Calculate the hig